{"id":638,"date":"2025-08-22T15:45:41","date_gmt":"2025-08-22T15:45:41","guid":{"rendered":"https:\/\/oraliee.net\/?page_id=638"},"modified":"2025-10-23T11:22:29","modified_gmt":"2025-10-23T11:22:29","slug":"under-the-waterline","status":"publish","type":"page","link":"https:\/\/nguyenquynhanh.top\/index.php\/under-the-waterline\/","title":{"rendered":"Under the waterline"},"content":{"rendered":"\n  <div class=\"banner has-hover\" id=\"banner-180250406\">\n          <div class=\"banner-inner fill\">\n        <div class=\"banner-bg fill\" >\n            <img fetchpriority=\"high\" decoding=\"async\" width=\"2048\" height=\"1536\" src=\"https:\/\/nguyenquynhanh.top\/wp-content\/uploads\/2025\/10\/IMG_8961-2048x1536.jpg\" class=\"bg attachment-2048x2048 size-2048x2048\" alt=\"\" \/>                        <div class=\"overlay\"><\/div>            \n                    <\/div>\n\t\t\n        <div class=\"banner-layers container\">\n            <div class=\"fill banner-link\"><\/div>            \n   <div id=\"text-box-452835629\" class=\"text-box banner-layer x50 md-x50 lg-x50 y50 md-y50 lg-y50 res-text\">\n                                <div class=\"text-box-content text dark\">\n              \n              <div class=\"text-inner text-center\">\n                  \n\t<div id=\"text-1464020300\" class=\"text hide-for-medium\">\n\t\t\n<h3 style=\"text-align: center;\"><strong>Under the waterline<\/strong><\/h3>\n<p style=\"text-align: justify;\"><strong>My first ideas rarely started on paper. They began with questions that refused to leave me. After each storm in L\u00e0o Cai, I would watch how people rebuilt their homes with the same materials, only to see them washed away again. I wanted to find a way to make recovery stronger than destruction.<\/strong><\/p>\n\t\t\n<style>\n#text-1464020300 {\n  font-size: 1.12rem;\n}\n<\/style>\n\t<\/div>\n\t\n\t<div id=\"text-1961685526\" class=\"text show-for-medium\">\n\t\t\n<p style=\"font-size: 7px;\">\n    <span style=\"font-weight: 400;\"><br \/>\n        <em><strong>Oralie<\/strong><\/em> l\u00e0 start-up h\u01b0\u1edbng \u0111\u1ebfn ti\u00eau th\u1ee5 nh\u1eefng d\u00f2ng s\u1ea3n ph\u1ea9m ch\u0103m s\u00f3c c\u00e1 nh\u00e2n cho ng\u01b0\u1eddi \u01b0a th\u00edch tr\u1ea3i nghi\u1ec7m. Oralie ngh\u0129a l\u00e0 s\u1ef1 b\u1eebng s\u00e1ng v\u00e0 s\u1ea3ng kho\u00e1i, lu\u00f4n t\u1ea1o ra \u1ea5n t\u01b0\u1ee3ng cho ng\u01b0\u1eddi \u0111\u1ed1i di\u1ec7n, mang \u00fd ngh\u0129a y\u00eau th\u01b0\u01a1ng v\u00e0 quan t\u00e2m t\u1edbi b\u1ea3n th\u00e2n m\u00ecnh. Start-up n\u00e0y s\u1ebd h\u01b0\u1edbng t\u1edbi 2 m\u1ee5c \u0111\u00edch ch\u00ednh l\u00e0 cung c\u1ea5p nh\u1eefng b\u1ed9 kit ch\u0103m s\u00f3c cho ng\u01b0\u1eddi hay di chuy\u1ec3n v\u00e0 t\u1eadn d\u1ee5ng nh\u1eefng d\u01b0\u1ee3c li\u1ec7u thi\u00ean nhi\u00ean t\u1eeb Vi\u1ec7t Nam. Start-up c\u0169ng quan t\u00e2m t\u1edbi nh\u1eefng ho\u1ea1t \u0111\u1ed9ng phi l\u1ee3i nhu\u1eadn nh\u01b0 h\u1ed7 tr\u1ee3 v\u1ec7 sinh c\u00e1 nh\u00e2n cho tr\u1ebb em v\u00f9ng cao.<br \/>\n    <\/span>\n<\/p>\n\t\t\n<style>\n#text-1961685526 {\n  font-size: 0.75rem;\n  color: #8c8954;\n}\n#text-1961685526 > * {\n  color: #8c8954;\n}\n<\/style>\n\t<\/div>\n\t\n              <\/div>\n           <\/div>\n                            \n<style>\n#text-box-452835629 {\n  width: 78%;\n}\n#text-box-452835629 .text-box-content {\n  font-size: 100%;\n}\n<\/style>\n    <\/div>\n \n        <\/div>\n      <\/div>\n\n            \n<style>\n#banner-180250406 {\n  padding-top: 50%;\n}\n#banner-180250406 .overlay {\n  background-color: rgba(0,0,0,.5);\n}\n#banner-180250406 .banner-bg img {\n  object-position: 5% 68%;\n}\n<\/style>\n  <\/div>\n\n\n\t<div id=\"gap-1359863789\" class=\"gap-element clearfix\" style=\"display:block; height:auto;\">\n\t\t\n<style>\n#gap-1359863789 {\n  padding-top: 90px;\n}\n<\/style>\n\t<\/div>\n\t\n<div class=\"row row-large align-middle\"  id=\"row-128580959\">\n\n\t<div id=\"col-1859222356\" class=\"col medium-12 small-12 large-6\"  >\n\t\t\t\t<div class=\"col-inner\"  >\n\t\t\t\n\t\t\t\n\t<div class=\"img has-hover x md-x lg-x y md-y lg-y\" id=\"image_223872196\">\n\t\t\t\t\t\t<div data-animate=\"fadeInLeft\">\t\t<div class=\"img-inner dark\" >\n\t\t\t<img decoding=\"async\" width=\"2048\" height=\"1768\" src=\"https:\/\/nguyenquynhanh.top\/wp-content\/uploads\/2025\/10\/551B673A-20C8-4116-AE45-72076AB82F2D-scaled-e1761186373443-2048x1768.png\" class=\"attachment-2048x2048 size-2048x2048\" alt=\"\" srcset=\"https:\/\/nguyenquynhanh.top\/wp-content\/uploads\/2025\/10\/551B673A-20C8-4116-AE45-72076AB82F2D-scaled-e1761186373443-2048x1768.png 2048w, https:\/\/nguyenquynhanh.top\/wp-content\/uploads\/2025\/10\/551B673A-20C8-4116-AE45-72076AB82F2D-scaled-e1761186373443-300x259.png 300w, https:\/\/nguyenquynhanh.top\/wp-content\/uploads\/2025\/10\/551B673A-20C8-4116-AE45-72076AB82F2D-scaled-e1761186373443-1024x884.png 1024w, https:\/\/nguyenquynhanh.top\/wp-content\/uploads\/2025\/10\/551B673A-20C8-4116-AE45-72076AB82F2D-scaled-e1761186373443-768x663.png 768w, https:\/\/nguyenquynhanh.top\/wp-content\/uploads\/2025\/10\/551B673A-20C8-4116-AE45-72076AB82F2D-scaled-e1761186373443-1536x1326.png 1536w\" sizes=\"(max-width: 2048px) 100vw, 2048px\" \/>\t\t\t\t\t\t\n\t\t\t\t\t<\/div>\n\t\t<\/div>\t\t\t\t\t\t\n<style>\n#image_223872196 {\n  width: 41%;\n}\n<\/style>\n\t<\/div>\n\t\n<p style=\"text-align: justify;\"><span style=\"font-weight: 400;\">That curiosity grew into my first project, the RESCU-PACK, a waterproof backpack that inflates into a life raft. I designed it for families who live near rivers, where floods can rise overnight. It was more than an invention; it was a promise that safety could be carried on your back.<\/span><\/p>\n\t\t<\/div>\n\t\t\t\t\t<\/div>\n\n\t\n\n\t<div id=\"col-1718404078\" class=\"col medium-12 small-12 large-6 medium-col-first\"  >\n\t\t\t\t<div class=\"col-inner\"  >\n\t\t\t\n\t\t\t\n<div class=\"row row-small\"  id=\"row-1451607262\">\n\n\t<div id=\"col-112787233\" class=\"col medium-6 small-12 large-6\"  >\n\t\t\t\t<div class=\"col-inner\"  >\n\t\t\t\n\t\t\t\n\n  <div class=\"banner has-hover\" id=\"banner-1207183434\">\n          <div class=\"banner-inner fill\">\n        <div class=\"banner-bg fill\" >\n            <img decoding=\"async\" width=\"2048\" height=\"1536\" src=\"https:\/\/nguyenquynhanh.top\/wp-content\/uploads\/2025\/10\/IMG_8967-2048x1536.jpg\" class=\"bg attachment-2048x2048 size-2048x2048\" alt=\"\" \/>                                    \n                    <\/div>\n\t\t\n        <div class=\"banner-layers container\">\n            <div class=\"fill banner-link\"><\/div>            \n   <div id=\"text-box-1001350261\" class=\"text-box banner-layer x50 md-x50 lg-x50 y50 md-y50 lg-y50 res-text\">\n                                <div class=\"text-box-content text dark\">\n              \n              <div class=\"text-inner text-center\">\n                  \n              <\/div>\n           <\/div>\n                            \n<style>\n#text-box-1001350261 {\n  width: 60%;\n}\n#text-box-1001350261 .text-box-content {\n  font-size: 100%;\n}\n@media (min-width:550px) {\n  #text-box-1001350261 {\n    width: 60%;\n  }\n}\n<\/style>\n    <\/div>\n \n        <\/div>\n      <\/div>\n\n            \n<style>\n#banner-1207183434 {\n  padding-top: 99.99%;\n}\n#banner-1207183434 .banner-bg img {\n  object-position: 48% 24%;\n}\n@media (min-width:550px) {\n  #banner-1207183434 {\n    padding-top: 400px;\n  }\n}\n<\/style>\n  <\/div>\n\n\n\t\t<\/div>\n\t\t\t\t\t<\/div>\n\n\t\n\n\t<div id=\"col-129954388\" class=\"col medium-6 small-12 large-6\"  >\n\t\t\t\t<div class=\"col-inner\"  >\n\t\t\t\n\t\t\t\n\n  <div class=\"banner has-hover\" id=\"banner-764743528\">\n          <div class=\"banner-inner fill\">\n        <div class=\"banner-bg fill\" >\n            <img loading=\"lazy\" decoding=\"async\" width=\"1536\" height=\"2048\" src=\"https:\/\/nguyenquynhanh.top\/wp-content\/uploads\/2025\/10\/IMG_8968-1536x2048.jpg\" class=\"bg attachment-2048x2048 size-2048x2048\" alt=\"\" \/>                                    \n                    <\/div>\n\t\t\n        <div class=\"banner-layers container\">\n            <div class=\"fill banner-link\"><\/div>            \n   <div id=\"text-box-592708952\" class=\"text-box banner-layer x50 md-x50 lg-x50 y50 md-y50 lg-y50 res-text\">\n                                <div class=\"text-box-content text dark\">\n              \n              <div class=\"text-inner text-center\">\n                  \n              <\/div>\n           <\/div>\n                            \n<style>\n#text-box-592708952 {\n  width: 60%;\n}\n#text-box-592708952 .text-box-content {\n  font-size: 100%;\n}\n@media (min-width:550px) {\n  #text-box-592708952 {\n    width: 60%;\n  }\n}\n<\/style>\n    <\/div>\n \n        <\/div>\n      <\/div>\n\n            \n<style>\n#banner-764743528 {\n  padding-top: 99.99%;\n}\n#banner-764743528 .banner-bg img {\n  object-position: 45% 38%;\n}\n@media (min-width:550px) {\n  #banner-764743528 {\n    padding-top: 400px;\n  }\n}\n<\/style>\n  <\/div>\n\n\n\t\t<\/div>\n\t\t\t\t\t<\/div>\n\n\t\n<\/div>\n\t\t<\/div>\n\t\t\t\t\t<\/div>\n\n\t\n<\/div>\n\n\t<section class=\"section\" id=\"section_1626486636\">\n\t\t<div class=\"section-bg fill\" >\n\t\t\t\t\t\t\t\t\t\n\t\t\t\n\n\t\t<\/div>\n\n\t\t\n\n\t\t<div class=\"section-content relative\">\n\t\t\t\n<div class=\"row row-large\"  id=\"row-1695331538\">\n\n\t<div id=\"col-626979555\" class=\"col small-12 large-12\"  >\n\t\t\t\t<div class=\"col-inner\"  >\n\t\t\t\n\t\t\t\n<div class=\"row row-collapse row-full-width\"  id=\"row-1931115638\">\n\n\t<div id=\"col-952771386\" class=\"col medium-6 small-12 large-6\"  >\n\t\t\t\t<div class=\"col-inner\"  >\n\t\t\t\n\t\t\t\n\n\t<section class=\"section dark\" id=\"section_1293623602\">\n\t\t<div class=\"section-bg fill\" >\n\t\t\t<img loading=\"lazy\" decoding=\"async\" width=\"1745\" height=\"2338\" src=\"https:\/\/nguyenquynhanh.top\/wp-content\/uploads\/2025\/10\/IMG_8945-scaled-e1761186085799.jpg\" class=\"bg attachment- size-\" alt=\"\" \/>\t\t\t\t\t\t\n\t\t\t\n\n\t\t<\/div>\n\n\t\t\n\n\t\t<div class=\"section-content relative\">\n\t\t\t\n\t\t<\/div>\n\n\t\t\n<style>\n#section_1293623602 {\n  padding-top: 33px;\n  padding-bottom: 33px;\n  min-height: 350px;\n}\n#section_1293623602 .section-bg img {\n  object-position: 67% 100%;\n}\n@media (min-width:550px) {\n  #section_1293623602 {\n    min-height: 400px;\n  }\n}\n@media (min-width:850px) {\n  #section_1293623602 {\n    min-height: 600px;\n  }\n}\n<\/style>\n\t<\/section>\n\t\n\t\t<\/div>\n\t\t\t\t\t<\/div>\n\n\t\n\n\t<div id=\"col-338340108\" class=\"col medium-6 small-12 large-6\"  >\n\t\t\t\t<div class=\"col-inner\"  >\n\t\t\t\n\t\t\t\n\n\t<section class=\"section dark\" id=\"section_1566740319\">\n\t\t<div class=\"section-bg fill\" >\n\t\t\t<img loading=\"lazy\" decoding=\"async\" width=\"1920\" height=\"2560\" src=\"https:\/\/nguyenquynhanh.top\/wp-content\/uploads\/2025\/10\/IMG_8942-scaled.jpg\" class=\"bg attachment- size-\" alt=\"\" \/>\t\t\t\t\t\t\n\t\t\t\n\n\t\t<\/div>\n\n\t\t\n\n\t\t<div class=\"section-content relative\">\n\t\t\t\n\t\t<\/div>\n\n\t\t\n<style>\n#section_1566740319 {\n  padding-top: 30px;\n  padding-bottom: 30px;\n  min-height: 350px;\n}\n#section_1566740319 .section-bg img {\n  object-position: 41% 100%;\n}\n@media (min-width:550px) {\n  #section_1566740319 {\n    min-height: 400px;\n  }\n}\n@media (min-width:850px) {\n  #section_1566740319 {\n    min-height: 600px;\n  }\n}\n<\/style>\n\t<\/section>\n\t\n\t\t<\/div>\n\t\t\t\t\t<\/div>\n\n\t\n<\/div>\n<div class=\"row\"  id=\"row-2098558549\">\n\n\t<div id=\"col-1499753380\" class=\"col medium-11 small-12 large-10\"  >\n\t\t\t\t<div class=\"col-inner text-left\" style=\"background-color:rgb(255,255,255);\" >\n\t\t\t\n\t\t\t\n\t<div id=\"gap-1091532676\" class=\"gap-element clearfix\" style=\"display:block; height:auto;\">\n\t\t\n<style>\n#gap-1091532676 {\n  padding-top: 20px;\n}\n<\/style>\n\t<\/div>\n\t\n\t<div id=\"text-2756518033\" class=\"text\">\n\t\t\n<p style=\"text-align: justify;\"><span style=\"font-weight: 400;\">Later, I created an online Flood Preparedness Guide to teach evacuation skills and first aid through interactive tools and real-time alerts. As the creator of C\u1ea9m Nang Ch\u1ed1ng B\u00e3o L\u0169 Online, I wanted to turn complex disaster data into something ordinary families could actually use. What began as a simple idea, an interactive flood guide, grew into an app that combined first-aid videos, real-time flood alerts, and offline access for mountain communities. I refined every feature through interviews with 200 households in L\u00e0o Cai, learning how language and design could mean the difference between confusion and safety. Working with the Youth With Community Club, I introduced the app in public sessions and schools, where over a thousand students and teachers practiced evacuation drills and first aid together. Watching them use the app for the first time made me realize that resilience isn\u2019t built in labs, it starts in local classrooms and kitchens.<\/span><\/p>\n\t\t\n<style>\n#text-2756518033 {\n  font-size: 1rem;\n  color: rgb(0,0,0);\n}\n#text-2756518033 > * {\n  color: rgb(0,0,0);\n}\n<\/style>\n\t<\/div>\n\t\n\t\t<\/div>\n\t\t\t\t\n<style>\n#col-1499753380 > .col-inner {\n  padding: 25px 25px 0 25px;\n  margin: -146px 0px 0px 20px;\n  border-radius: 17px;\n}\n@media (min-width:550px) {\n  #col-1499753380 > .col-inner {\n    padding: 45px 45px 0px 45px;\n  }\n}\n<\/style>\n\t<\/div>\n\n\t\n<\/div>\n\t\t<\/div>\n\t\t\t\t\n<style>\n#col-626979555 > .col-inner {\n  border-radius: 100px;\n}\n<\/style>\n\t<\/div>\n\n\t\n\n\t<div id=\"col-287158175\" class=\"col small-12 large-12\"  >\n\t\t\t\t<div class=\"col-inner\"  >\n\t\t\t\n\t\t\t\n<div class=\"row row-collapse row-full-width\"  id=\"row-1339391047\">\n\n\t<div id=\"col-1064625699\" class=\"col medium-6 small-12 large-3\"  >\n\t\t\t\t<div class=\"col-inner\"  >\n\t\t\t\n\t\t\t\n\n\t<section class=\"section dark\" id=\"section_1962111654\">\n\t\t<div class=\"section-bg fill\" >\n\t\t\t<img loading=\"lazy\" decoding=\"async\" width=\"1290\" height=\"2008\" src=\"https:\/\/nguyenquynhanh.top\/wp-content\/uploads\/2025\/10\/3e0ac6d45220df7e8631.jpg\" class=\"bg attachment-2048x2048 size-2048x2048\" alt=\"\" \/>\t\t\t\t\t\t\n\t\t\t\n\n\t\t<\/div>\n\n\t\t\n\n\t\t<div class=\"section-content relative\">\n\t\t\t\n\t\t<\/div>\n\n\t\t\n<style>\n#section_1962111654 {\n  padding-top: 33px;\n  padding-bottom: 33px;\n  min-height: 350px;\n}\n#section_1962111654 .section-bg img {\n  object-position: 67% 100%;\n}\n@media (min-width:550px) {\n  #section_1962111654 {\n    min-height: 400px;\n  }\n}\n@media (min-width:850px) {\n  #section_1962111654 {\n    min-height: 400px;\n  }\n}\n<\/style>\n\t<\/section>\n\t\n\t\t<\/div>\n\t\t\t\t\t<\/div>\n\n\t\n\n\t<div id=\"col-256559605\" class=\"col medium-6 small-12 large-3\"  >\n\t\t\t\t<div class=\"col-inner\"  >\n\t\t\t\n\t\t\t\n\n\t<section class=\"section dark\" id=\"section_507190004\">\n\t\t<div class=\"section-bg fill\" >\n\t\t\t<img loading=\"lazy\" decoding=\"async\" width=\"1290\" height=\"2022\" src=\"https:\/\/nguyenquynhanh.top\/wp-content\/uploads\/2025\/10\/8788d75643a2cefc97b3.jpg\" class=\"bg attachment-2048x2048 size-2048x2048\" alt=\"\" \/>\t\t\t\t\t\t\n\t\t\t\n\n\t\t<\/div>\n\n\t\t\n\n\t\t<div class=\"section-content relative\">\n\t\t\t\n\t\t<\/div>\n\n\t\t\n<style>\n#section_507190004 {\n  padding-top: 33px;\n  padding-bottom: 33px;\n  min-height: 350px;\n}\n#section_507190004 .section-bg img {\n  object-position: 67% 100%;\n}\n@media (min-width:550px) {\n  #section_507190004 {\n    min-height: 400px;\n  }\n}\n@media (min-width:850px) {\n  #section_507190004 {\n    min-height: 400px;\n  }\n}\n<\/style>\n\t<\/section>\n\t\n\t\t<\/div>\n\t\t\t\t\t<\/div>\n\n\t\n\n\t<div id=\"col-556047568\" class=\"col medium-3 small-12 large-3\"  >\n\t\t\t\t<div class=\"col-inner\"  >\n\t\t\t\n\t\t\t\n\n\t<section class=\"section dark\" id=\"section_187010004\">\n\t\t<div class=\"section-bg fill\" >\n\t\t\t<img loading=\"lazy\" decoding=\"async\" width=\"1290\" height=\"1995\" src=\"https:\/\/nguyenquynhanh.top\/wp-content\/uploads\/2025\/10\/010461c8f53c7862212d.jpg\" class=\"bg attachment-2048x2048 size-2048x2048\" alt=\"\" \/>\t\t\t\t\t\t\n\t\t\t\n\n\t\t<\/div>\n\n\t\t\n\n\t\t<div class=\"section-content relative\">\n\t\t\t\n\t\t<\/div>\n\n\t\t\n<style>\n#section_187010004 {\n  padding-top: 30px;\n  padding-bottom: 30px;\n  min-height: 350px;\n}\n#section_187010004 .section-bg img {\n  object-position: 41% 100%;\n}\n@media (min-width:550px) {\n  #section_187010004 {\n    min-height: 400px;\n  }\n}\n@media (min-width:850px) {\n  #section_187010004 {\n    min-height: 400px;\n  }\n}\n<\/style>\n\t<\/section>\n\t\n\t\t<\/div>\n\t\t\t\t\t<\/div>\n\n\t\n\n\t<div id=\"col-674432927\" class=\"col medium-3 small-12 large-3\"  >\n\t\t\t\t<div class=\"col-inner\"  >\n\t\t\t\n\t\t\t\n\n\t<section class=\"section dark\" id=\"section_1363406458\">\n\t\t<div class=\"section-bg fill\" >\n\t\t\t<img loading=\"lazy\" decoding=\"async\" width=\"1290\" height=\"2001\" src=\"https:\/\/nguyenquynhanh.top\/wp-content\/uploads\/2025\/10\/b6cc151881ec0cb255fd.jpg\" class=\"bg attachment-2048x2048 size-2048x2048\" alt=\"\" \/>\t\t\t\t\t\t\n\t\t\t\n\n\t\t<\/div>\n\n\t\t\n\n\t\t<div class=\"section-content relative\">\n\t\t\t\n\t\t<\/div>\n\n\t\t\n<style>\n#section_1363406458 {\n  padding-top: 30px;\n  padding-bottom: 30px;\n  min-height: 350px;\n}\n#section_1363406458 .section-bg img {\n  object-position: 41% 100%;\n}\n@media (min-width:550px) {\n  #section_1363406458 {\n    min-height: 400px;\n  }\n}\n@media (min-width:850px) {\n  #section_1363406458 {\n    min-height: 400px;\n  }\n}\n<\/style>\n\t<\/section>\n\t\n\t\t<\/div>\n\t\t\t\t\t<\/div>\n\n\t\n<\/div>\n<div class=\"row align-right\"  id=\"row-549062569\">\n\n\t<div id=\"col-1336294788\" class=\"col medium-11 small-12 large-10\"  >\n\t\t\t\t<div class=\"col-inner text-right\" style=\"background-color:rgb(255,255,255);\" >\n\t\t\t\n\t\t\t\n\t<div id=\"gap-494914556\" class=\"gap-element clearfix\" style=\"display:block; height:auto;\">\n\t\t\n<style>\n#gap-494914556 {\n  padding-top: 20px;\n}\n<\/style>\n\t<\/div>\n\t\n\t<div id=\"text-689283404\" class=\"text\">\n\t\t\n<p style=\"text-align: justify;\"><span style=\"font-weight: 400;\">My research on tourism and natural disasters in Lao Cai followed the same purpose. I studied how typhoons reshape local economies and how communities could adapt rather than retreat. Each project taught me that research is not just about data but about empathy and design that respond to real lives. My goal has always been simple: To turn what once felt like fear into knowledge that helps others stay safe, hopeful, and ready.<\/span><\/p>\n\t\t\n<style>\n#text-689283404 {\n  font-size: 1rem;\n  color: rgb(0,0,0);\n}\n#text-689283404 > * {\n  color: rgb(0,0,0);\n}\n<\/style>\n\t<\/div>\n\t\n\t\t<\/div>\n\t\t\t\t\n<style>\n#col-1336294788 > .col-inner {\n  padding: 25px 25px 0 25px;\n  margin: -46px 0px 0px 20px;\n  border-radius: 17px;\n}\n@media (min-width:550px) {\n  #col-1336294788 > .col-inner {\n    padding: 45px 45px 0px 45px;\n  }\n}\n<\/style>\n\t<\/div>\n\n\t\n<\/div>\n\t\t<\/div>\n\t\t\t\t\n<style>\n#col-287158175 > .col-inner {\n  border-radius: 100px;\n}\n<\/style>\n\t<\/div>\n\n\t\n<\/div>\n\t\t<\/div>\n\n\t\t\n<style>\n#section_1626486636 {\n  padding-top: 0px;\n  padding-bottom: 0px;\n}\n<\/style>\n\t<\/section>\n\t\n","protected":false},"excerpt":{"rendered":"","protected":false},"author":1,"featured_media":0,"parent":0,"menu_order":0,"comment_status":"closed","ping_status":"closed","template":"page-blank.php","meta":{"footnotes":""},"class_list":["post-638","page","type-page","status-publish","hentry"],"_links":{"self":[{"href":"https:\/\/nguyenquynhanh.top\/index.php\/wp-json\/wp\/v2\/pages\/638","targetHints":{"allow":["GET"]}}],"collection":[{"href":"https:\/\/nguyenquynhanh.top\/index.php\/wp-json\/wp\/v2\/pages"}],"about":[{"href":"https:\/\/nguyenquynhanh.top\/index.php\/wp-json\/wp\/v2\/types\/page"}],"author":[{"embeddable":true,"href":"https:\/\/nguyenquynhanh.top\/index.php\/wp-json\/wp\/v2\/users\/1"}],"replies":[{"embeddable":true,"href":"https:\/\/nguyenquynhanh.top\/index.php\/wp-json\/wp\/v2\/comments?post=638"}],"version-history":[{"count":11,"href":"https:\/\/nguyenquynhanh.top\/index.php\/wp-json\/wp\/v2\/pages\/638\/revisions"}],"predecessor-version":[{"id":6632,"href":"https:\/\/nguyenquynhanh.top\/index.php\/wp-json\/wp\/v2\/pages\/638\/revisions\/6632"}],"wp:attachment":[{"href":"https:\/\/nguyenquynhanh.top\/index.php\/wp-json\/wp\/v2\/media?parent=638"}],"curies":[{"name":"wp","href":"https:\/\/api.w.org\/{rel}","templated":true}]}}